e z(-9).
7
Let o(k) = 8*k**2 - 5. Calculate o(-2).
27
Let r(l) = 13*l + 8. Give r(6).
86
Let m(y) = -y**2 + 2*y + 6. Determine m(-6).
-42
Let o(w) = -w**3 + 9*w**2 - 4*w - 16. Give o(8).
16
Let b(t) = -t**2 - 3*t - 16. Give b(-4).
-20
Let j(q) = -2*q**3 + 16*q**2 + 21*q - 29. Determine j(9).
-2
Let h(v) = v**3 - 3*v**2 - 10*v + 7. Give h(6).
55
Let v(y) = y**2 + 26*y + 36. Calculate v(-19).
-97
Let c(p) = 24*p**2 + 66*p + 1. What is c(-2)?
-35
Let g(u) = 3*u + 29. Determine g(-10).
-1
Let j(u) = -11*u**2 + 3*u - 9. Calculate j(3).
-99
Let p(s) = -6*s**2 - 20*s + 4. Calculate p(-3).
10
Let g(f) = f**3 - 9*f**2 + 12*f + 1. Give g(6).
-35
Let o(t) = -14*t + 80. Determine o(5).
10
Let o(r) = -r**3 - 20*r**2 + 21*r + 9. Calculate o(-21).
9
Let l(u) = -2*u**2 - 8*u + 102. Give l(-9).
12
Let n(b) = b**2 - 5*b + 8. Calculate n(6).
14
Let r(k) = -3*k - 26. Calculate r(0).
-26
Let v(l) = -l**2 - 16*l - 2. Determine v(-16).
-2
Let r(x) = x**2 - 42*x - 290. What is r(-6)?
-2
Let l(y) = -89*y**2 - 2*y + 1. What is l(1)?
-90
Let k(s) = -6*s + 16. What is k(0)?
16
Let m(i) = -i**2 + i. Calculate m(9).
-72
Let m(a) = -a**3 - 4*a**2 + 9*a + 1. What is m(-6)?
19
Let y(i) = i**2 + 6*i + 1. What is y(0)?
1
Let j(h) = h**2 - 9*h + 3. Give j(6).
-15
Let o(z) = z**2 - 62. Determine o(-8).
2
Let t(q) = q**2 + 49*q + 299. What is t(-7)?
5
Let h(c) = -2*c + 3. What is h(8)?
-13
Let f(c) = 3*c + 6. Calculate f(0).
6
Let t(i) = -2*i**2 + 13*i - 9. Calculate t(7).
-16
Let h(z) = 16*z + 79. Determine h(-5).
-1
Let k(x) = 3*x + 4. Determine k(-3).
-5
Let x(y) = y**3 + 8*y**2 - 11*y - 11. Determine x(-9).
7
Let a(y) = -y**3 + 3*y**2 + 6*y. What is a(5)?
-20
Let o(p) = -3*p**2 + 29*p + 25. Calculate o(11).
-19
Let u(a) = 2*a - 6. Calculate u(9).
12
Let c(q) = 16*q + 14. Determine c(12).
206
Let v(t) = 4*t + 4. Determine v(-5).
-16
Let y(v) = -v**3 - 12*v**2 + 6*v + 73. Give y(-12).
1
Let q(h) = h**2 + 7*h - 15. What is q(-10)?
15
Let p(v) = -4*v**2 - 11*v + 3. What is p(-6)?
-75
Let p(s) = 2*s**2 + 22*s - 22. Determine p(-12).
2
Let y(p) = 16*p + 45. Determine y(-9).
-99
Let i(c) = -c**3 + 8*c**2 + 7*c + 13. What is i(9)?
-5
Let a(z) = 3*z**3 + 23*z**2 - 33*z + 14. What is a(-9)?
-13
Let y(n) = 52*n - 1087. Determine y(21).
5
Let p(z) = 105*z - 529. Give p(5).
-4
Let k(b) = -46*b + 327. What is k(7)?
5
Let t(p) = -56*p + 225. Calculate t(4).
1
Let w(u) = 2*u**3 - 11*u**2 + 11*u - 4. Give w(5).
26
Let x(s) = -s**3 - 6*s**2 - 6*s + 5. Give x(-5).
10
Let c(t) = -t**3 + 2*t**2 + 2*t. Calculate c(0).
0
Let n(d) = -12*d - 16. Give n(-6).
56
Let i(u) = -u**3 - 10*u**2 + 2*u + 1. Give i(-10).
-19
Let n(t) = -t**2 + 45*t - 200. What is n(40)?
0
Let h(m) = m**3 + 4*m**2 - 24*m - 3. Determine h(-7).
18
Let m(l) = l**2 + 26*l + 34. Determine m(-19).
-99
Let n(u) = 2*u**2 - 18*u - 13. Determine n(10).
7
Let w(b) = b**2 - 12*b - 8. Give w(9).
-35
Let s(v) = -v + 19. Determine s(-7).
26
Let w(l) = 7*l**2 - 1. Determine w(1).
6
Let o(l) = -l**2 + 17*l - 12. What is o(14)?
30
Let y(b) = -b**2 - 15*b - 13. What is y(-14)?
1
Let j(v) = v**2 - 18*v + 52. Calculate j(4).
-4
Let h(v) = -2*v**2 + 7*v + 2. Determine h(5).
-13
Let v(a) = a**2 - 14*a + 23. Determine v(13).
10
Let b(r) = 2*r - 10. What is b(3)?
-4
Let n(g) = -10*g - 124. Determine n(-14).
16
Let t(y) = y**3 - 5*y**2 - 8*y + 12. Calculate t(6).
0
Let g(x) = x**2 - 6*x - 22. Determine g(8).
-6
Let f(i) = -i**3 - 5*i**2 + 3*i + 4. What is f(-5)?
-11
Let o(b) = b**3 - 9*b**2 + b - 4. Give o(9).
5
Let r(v) = v**3 + 8*v**2 - 5*v - 37. Determine r(-8).
3
Let a(c) = c**2 + 2*c - 8. Determine a(-4).
0
Let o(u) = -8*u**2 + 4*u + 1. Calculate o(3).
-59
Let f(i) = i**3 + 5*i**2 + 3*i + 6. What is f(-4)?
10
Let n(d) = -d**3 - 6*d**2 - 4*d + 12. What is n(-5)?
7
Let k(b) = b**2 + 18*b + 9. What is k(-12)?
-63
Let n(f) = -f**3 + 12*f**2 + 29*f - 14. Calculate n(14).
0
Let z(u) = -u**2 - 19*u - 25. What is z(-16)?
23
Let q(o) = 6*o + 17. Determine q(9).
71
Let b(a) = -a + 12. What is b(-7)?
19
Let g(v) = -v**3 - 4*v**2 - v + 3. Determine g(-2).
-3
Let c(m) = -7*m + 4. What is c(-2)?
18
Let f(r) = 9*r + 3. Calculate f(2).
21
Let n(q) = 2*q + 8. What is n(-5)?
-2
Let h(q) = q**3 - 16*q**2 + 61*q - 16. What is h(5)?
14
Let m(i) = 18*i**3 - 2*i**2 + 1. What is m(1)?
17
Let k(s) = 19*s**2 + 2*s. Give k(-2).
72
Let t(h) = 9*h**2 + h - 1. What is t(1)?
9
Let k(g) = -g**2 + 28*g - 146. Calculate k(21).
1
Let j(w) = -w**2 - w + 5. Give j(-3).
-1
Let l(q) = 14*q - 120. Determine l(9).
6
Let u(y) = y**2 + 22*y - 33. Determine u(-24).
15
Let j(z) = z**3 + 7*z**2 + 16*z + 63. Determine j(-6).
3
Let i(h) = -h**2 + 20*h - 106. Give i(10).
-6
Let g(o) = 6*o**3 - 3*o**2 - 8*o + 1. Calculate g(-2).
-43
Let l(a) = -a**3 + 8*a**2 - 7*a - 9. Determine l(6).
21
Let a(y) = -3*y - 65. Calculate a(-25).
10
Let g(d) = -d**3 - 7*d**2 + 2*d + 9. Determine g(-7).
-5
Let p(r) = 25*r + 931. What is p(-37)?
6
Let n(q) = -4*q - 4. Calculate n(-7).
24
Let u(y) = -y**3 + 6*y**2 + 6*y + 1. Determine u(5).
56
Let t(x) = -2*x**3 + x**2 - 5*x + 6. Give t(4).
-126
Let o(b) = 6*b + 32. Give o(-17).
-70
Let h(i) = i**2 - 20*i + 49. Give h(17).
-2
Let i(g) = g**2 - 7*g - 1. Determine i(7).
-1
Let t(q) = -3*q + 2. Determine t(3).
-7
Let q(j) = 2*j - 9. Calculate q(-3).
-15
Let n(h) = -132*h**3 - 2*h**2 + h + 1. Determine n(-1).
130
Let b(t) = 9*t**2 + 4*t + 2. Give b(-2).
30
Let v(h) = h**2 - 7*h - 13. What is v(9)?
5
Let j(v) = 5*v + 4. Give j(-6).
-26
Let j(f) = -f**3 - 2*f**2 + 3*f - 1. Determine j(-3).
-1
Let f(o) = -2*o**2 - 17*o - 21. Determine f(-8).
-13
Let y(s) = s**2 + 7*s + 8. Determine y(-7).
8
Let i(q) = q**3 - 7*q**2 - 10*q + 9. Calculate i(8).
-7
Let d(w) = -w**3 - 2*w**2 - 4*w - 6. Calculate d(-3).
15
Let t(h) = 2*h**2 + 9*h + 4. Determine t(-6).
22
Let w(y) = 20*y - 280. Calculate w(15).
20
Let k(r) = -125*r - 503. What is k(-4)?
-3
Let m(b) = b**2 + 2*b - 40. What is m(-8)?
8
Let o(h) = 3*h**2 - h + 2. What is o(3)?
26
Let i(h) = -h - 3. What is i(-6)?
3
Let p(n) = n**2 - 7*n - 3. Give p(7).
-3
Let m(o) = 9*o**2 - 6*o + 2. Calculate m(2).
26
Let q(m) = 2*m**3 - 3*m**2 + 3*m - 5. What is q(2)?
5
Let f(o) = o**2 - 3*o - 7. What is f(-3)?
11
Let s(x) = x**3 + 11*x**2 + x + 15. What is s(-11)?
4
Let u(t) = t**2 - 10*t - 5. Give u(5).
-30
Let w(n) = 6*n - 8. Calculate w(5).
22
Let r(a) = -a**2 - 7*a. What is r(-8)?
-8
Let m(k) = -k**2 - 11*k + 52. Determine m(-14).
10
Let m(q) = -q**2 + 3*q - 2. Calculate m(4).
-6
Let v(m) = -m + 4. What is v(6)?
-2
Let s(g) = g**2 + 6*g + 8. Calculate s(-8).
24
Let o(v) = -5*v - 24. Give o(-17).
61
Let j(s) = s**3 + s**2 + 2*s + 7. Calculate j(0).
7
Let p(n) = n**2 - 4*n + 1. Give p(5).
6
Let w(b) = b**2 + 26. Calculate w(0).
26
Let z(d) = d**3 + 23*d**2 + 41*d - 28. What is z(-21)?
-7
Let p(b) = b**3 + 30*b**2 - 64*b + 2. What is p(-32)?
2
Let x(f) = -6*f + 5. Give x(0).
5
Let k(s) = s**3 - 4*s**2 - 4*s - 2. Calculate k(5).
3
Let m(w) = w**3 - 16*w**2 + 11*w + 19. Give m(15).
-41
Let l(o) = -o**3 - 8*o**2 + 2*o + 17. What is l(-8)?
1
Let k(x) = 4*x**2 - 1. Give k(3).
35
Let s(x) = x**3 - 4*x**2 - 11*x - 9. What is s(6)?
-3
Let l(f) = f**3 - 11*f**2 + 15*f - 34. Calculate l(10).
16
Let v(r) = -2*r**2 - 12*r - 3. What is v(-6)?
-3
Let i(d) = d**2 - 21*d - 64. Determine i(23).
-18
Let t(z) = -z**2 - z - 52. Determine t(0).
-52
Let i(u) = 5*u - 10. What is i(8)?
30
Let l(w) = -8*w - 31. Calculate l(-3).
-7
Let z(t) = 6*t**2 - 55*t - 4. Give z(9).
-13
Let d(p) = 6*p - 37. Give d(11).
29
Let d(p) = -2*p**2 - 3. What is d(2)?
-11
Let y(f) = -15*f - 155. Calculate y(-10).
-5
Let r(w) = 3*w**2 - w - 4. What is r(3)?
20
Let h(k) = -2*k - 19. Give h(-10).
1
Let s(x) = 9*x + 10. Determine s(9).
91
Let d(h) = -2*h - 7. Give d(-5).
3
Let u(v) = -v**3 - v**2 - v. Give u(-3).
21
Let r(x) = -x**3 - 5*x**2 - 3*x. What is r(-3)?
-9
Let z(b) = -b**2 + 10*b - 5. Give z(6).
19
Let x(j) = j**2 - 10*j - 35. Calculate x(13).
4
Let v(d) = d**2 - 28*d + 169. Determine v(15).
-26
Let j(y) = 9*y + 12. Determine j(8).
84
Let v(q) = -q**2 - 2*q - 6. Give v(-3).
-9
Let u(j) = j**3 - j**2 + j - 30. Determine u(0).
-30
Let z(a) = a. Calculate z(-1).
-1
Let q(c) = -10*c - 3. Calculate q(-4).
37
Let v(x) = -x**3 - 20*x**2 - 2*x - 65. Give v(-20).
-25
Let n(f) = -3*f - 18. Dete